{"id":3608,"date":"2016-05-10T14:34:49","date_gmt":"2016-05-10T14:34:49","guid":{"rendered":"http:\/\/thesimple.ellethemes.com\/?page_id=3608"},"modified":"2026-02-17T11:07:01","modified_gmt":"2026-02-17T10:07:01","slug":"about-us-2","status":"publish","type":"page","link":"https:\/\/ff-hemhofen-zeckern.de\/?page_id=3608","title":{"rendered":"Chronik"},"content":{"rendered":"\t\t<div data-elementor-type=\"wp-page\" data-elementor-id=\"3608\" class=\"elementor elementor-3608\">\n\t\t\t\t<div class=\"elementor-element elementor-element-821adc3 e-flex e-con-boxed content-parallax-no e-con e-parent\" data-id=\"821adc3\" data-element_type=\"container\" data-e-type=\"container\">\n\t\t\t\t\t<div class=\"e-con-inner\">\n\t\t<div class=\"elementor-element elementor-element-de572b9 e-con-full e-flex content-parallax-no e-con e-child\" data-id=\"de572b9\" data-element_type=\"container\" data-e-type=\"container\">\n\t\t\t\t<div class=\"elementor-element elementor-element-0a8f582 elementor-widget elementor-widget-text-editor\" data-id=\"0a8f582\" data-element_type=\"widget\" data-e-type=\"widget\" data-widget_type=\"text-editor.default\">\n\t\t\t\t\t\t\t\t\t<p>Bereits viele Male wurden diverse Anl\u00e4ufe unternommen, aus den unabh\u00e4ngig voneinander bestehenden Feuerwehren FF Hemhofen und FF Zeckern eine gemeinsame Wehr zu formen.<\/p><p>Was aus diversesten Gr\u00fcnden einfach nicht funktionierte, wurde im Anfang \u00a02017 formell auf dem Weg gebracht.<\/p><p>Mit Amtsantritt von B\u00fcrgermeister \u00a0Ludwig Nagel formulierte er sein Bestreben, die Zusammenlegung wieder zu forcieren und erneut anzugehen. Einerseits auf Grund finanzieller Engp\u00e4sse, in der sich die Gemeinde seit Jahren bef\u00e4nde, als auch aus rein einsatztechnischen Gr\u00fcnden (Mannschaftsst\u00e4rke, Einsatzbereitschaft unter Tag usw.) wurde dieses Thema wieder auf die \u201eTagesordnung\u201c \u00a0der Gemeinde gebracht. Die nicht mehr zeitgem\u00e4\u00dfen baulichen Zust\u00e4nde der beiden Feuerwehrh\u00e4user untermauerten die Dringlichkeit der Thematik zus\u00e4tzlich.<\/p><p>Der erste Schritt war Wiedermals ein \u201eaufeinander Zugehen\u201c von F\u00fchrungskr\u00e4ften, Gemeinderat und B\u00fcrgermeister. Die beiden Wehrleitungen (Kommandanten und Stellvertreter) strebten nun zum wiederholten Male eine Zusammenlegung an. Somit machte man sich auf die Suche nach einem geeigneten Standort f\u00fcr ein neues gemeinsames Feuerwehrzentrum.<\/p><p>Teilweise hitzige Diskussionen in den einzelnen Wehren folgten.\u00a0 Viele Gespr\u00e4che sp\u00e4ter erhielt der noch von Altb\u00fcrgermeister Wersal ins Spiel gebrachte Standort \u201eAm Zobelstein\u201c die Zustimmung der Wehren.<\/p><p>Nachdem vielleicht nicht alle, aber zumindest die Mehrheit der Mitglieder \u00fcberzeugt war, dass dies der richtige Schritt und der richtige Standort w\u00e4ren, durchkreuzte wieder mal das gute Geld den lange gehegten Plan eines gemeinsamen Feuerwehrzentrums. Die von einem Architekturb\u00fcro ermittelten Baukosten stie\u00dfen bei Gemeinderat und B\u00fcrgermeister, insbesondere auf Grund der finanziellen Lage der Gemeinde, auf wenig Gegenliebe.<\/p><p>Somit wurde weiter gesucht und der bereits im Gemeindeeigentum befindliche Standort \u201eBauhof\u201c ins Rennen gebracht. Das Grundst\u00fcck am Ende des Gemeindegebietes (Ortsende Zeckern) stie\u00df nun wiederum bei den Hemh\u00f6fener Kammeraden auf wenig Zustimmung. Weite Anfahrtswege, eine schlechte Stra\u00dfenanbindung und nat\u00fcrlich auch die weiten Wege f\u00fcr die Vereinsmitglieder bei Feiern, sprachen gegen den Standort und erforderten viele Gespr\u00e4che und viel \u00dcberzeugungsarbeit des Hemh\u00f6fener Kommandanten Benedikt Schneider und seines Stellvertreters Harald No\u00df. Planungen und Kostensch\u00e4tzungen wurden erstellt und konkretisierten den neuen Standort weiter.<\/p><p>Nach vielen weiteren Gespr\u00e4chsrunden zwischen den Beteiligten aus Wehrf\u00fchrung, Verwaltung, Vereinsf\u00fchrung, Gemeinderat usw., wurde sich f\u00fcr den Ausbau der teilweise schon bestehenden Hallen des Bauhofes, inklusive Anbau und Neubau eines neuen Feuerwehrzentrums in der Peter-H\u00e4ndel-Stra\u00dfe entschieden.<\/p><p>Die nun noch fehlende Entscheidung, WIE in das neue Feuerwehrhaus eingezogen werden sollte \u2013 als eine oder zwei Wehren \u2013 wurde nunmehr zu einem wiederkehrenden Diskussionsmarathon.<\/p><p>Letztlich wurde sich entschieden, als EINE aktive Wehr ins Feuerwehrhaus einziehen zu wollen. Der bereits Monate zuvor in einer gemeinsamen Gemeinderatssitzung unter Beteiligung aller Aktiver Mitglieder, der Vereinsf\u00fchrungen und der Wehrf\u00fchrungen neue Name \u201eFreiwillige Feuerwehr Hemhofen\/ Zeckern\u201c r\u00fcckte wieder in den Fokus. Aus einer Diskussion \u00fcber Namen wurde nunmehr eine reelle M\u00f6glichkeit \u201eGeschichte\u201c zu schreiben.<\/p><p>Nur 2 Stunden vor der Jahreshauptversammlung der FF Hemhofen stimmte im Januar 2017 die gro\u00dfe Mehrheit der aktiven Mitgliedern der Zusammenlegung beider Wehren zu EINER Aktiven Wehr formell zu. Die Zustimmung der FF Zeckern sollte nur wenige Tage sp\u00e4ter folgen.<\/p><p>Der Weg war nun formell frei die Zusammenlegung durch die Gemeinde ausf\u00fchren zu lassen. In der darauf folgenden Gemeinderatssitzung wurden die bestehenden aktiven Wehren offiziell aufgel\u00f6st und die neue Freiwillige Feuerwehr Hemhofen\/ Zeckern gegr\u00fcndet.<\/p><p>Bis zur Wahl einer neuen F\u00fchrung, musste der aktive Dienst nat\u00fcrlich aufrecht erhalten werden. Hierf\u00fcr stellten sich als Interimskommandanten die f\u00fchrungserfahrenen Herwig Korzer als 1. Kommandant und Siegfried Gro\u00dfkopf als sein Stellvertreter zur Verf\u00fcgung.<\/p><p>Am 21.02.2017 fand die Wahl zur F\u00fchrung der neuen, gemeinsamen Feuerwehr statt. Alle aktiven Mitglieder waren aufgerufen, sich mehrheitlich auf eine gemeinsame F\u00fchrung zu \u201eeinigen\u201c. Zum neuen 1. Kommandanten wurde Harald No\u00df gew\u00e4hlt, zu seinem Stellvertreter wurde Manfred Korzer ernannt. Sie bekamen von der Mehrheit das Vertrauen, die neue Wehr in den kommenden 6 \u00a0Jahren zu f\u00fchren und zu formen, was sicherlich auf Grund der Anzahl anstehender Aufgaben nicht einfach werden sollte.<\/p><p>Im Sommer 2017 folgte nun die Aufgabe, die zwei bestehenden Feuerwehrh\u00e4user umzuziehen, nicht mehr ben\u00f6tigte oder nicht mehr zugelassene Technik und Inventar auszusortieren und die mitgenommene oder neu beschaffte Technik zu inventarisieren. Ein Kraftakt, der von vielen Helfern in unz\u00e4hligen Stunden und Tagen freiwilliger T\u00e4tigkeit erfolgreich gemeistert wurde.<\/p><p>Mit der Schl\u00fcssel\u00fcbergabe am 17.09.2017 wurde das neue Feuerwehrzentrum unter dem Beisein von Vertretern der Politik von Gemeinde, Landkreis, Regierung und Freistaat nun auch offiziell eingeweiht. Mit Stolz konnten die Mitglieder der Wehr bei der Fahrzeugweihe auch den nur wenige Monate vorher ausgelieferten neuen Versorgungs-LKW den B\u00fcrgern der Gemeinde und allen weiteren Interessierten pr\u00e4sentieren.<\/p>\t\t\t\t\t\t\t\t<\/div>\n\t\t\t\t<\/div>\n\t\t\t\t\t<\/div>\n\t\t\t\t<\/div>\n\t\t<div class=\"elementor-element elementor-element-d2df956 e-flex e-con-boxed content-parallax-no e-con e-parent\" data-id=\"d2df956\" data-element_type=\"container\" data-e-type=\"container\">\n\t\t\t\t\t<div class=\"e-con-inner\">\n\t\t<div class=\"elementor-element elementor-element-14d4154 e-con-full e-flex content-parallax-no e-con e-child\" data-id=\"14d4154\" data-element_type=\"container\" data-e-type=\"container\">\n\t\t<div class=\"elementor-element elementor-element-44c6e9a e-con-full e-flex content-parallax-no e-con e-child\" data-id=\"44c6e9a\" data-element_type=\"container\" data-e-type=\"container\">\n\t\t<div class=\"elementor-element elementor-element-ecd08b6 e-con-full e-flex content-parallax-no e-con e-child\" data-id=\"ecd08b6\" data-element_type=\"container\" data-e-type=\"container\">\n\t\t\t\t<div class=\"elementor-element elementor-element-a5c7726 elementor-widget__width-initial elementor-widget elementor-widget-image\" data-id=\"a5c7726\" data-element_type=\"widget\" data-e-type=\"widget\" data-widget_type=\"image.default\">\n\t\t\t\t\t\t\t\t\t\t\t\t\t\t\t<img fetchpriority=\"high\" decoding=\"async\" width=\"192\" height=\"300\" src=\"https:\/\/ff-hemhofen-zeckern.de\/wp-content\/uploads\/2023\/03\/IMG-20230316-WA0008-192x300.jpg\" class=\"attachment-medium size-medium wp-image-10074\" alt=\"\" srcset=\"https:\/\/ff-hemhofen-zeckern.de\/wp-content\/uploads\/2023\/03\/IMG-20230316-WA0008-192x300.jpg 192w, https:\/\/ff-hemhofen-zeckern.de\/wp-content\/uploads\/2023\/03\/IMG-20230316-WA0008-600x937.jpg 600w, https:\/\/ff-hemhofen-zeckern.de\/wp-content\/uploads\/2023\/03\/IMG-20230316-WA0008-656x1024.jpg 656w, https:\/\/ff-hemhofen-zeckern.de\/wp-content\/uploads\/2023\/03\/IMG-20230316-WA0008-984x1536.jpg 984w, https:\/\/ff-hemhofen-zeckern.de\/wp-content\/uploads\/2023\/03\/IMG-20230316-WA0008.jpg 1312w\" sizes=\"(max-width: 192px) 100vw, 192px\" \/>\t\t\t\t\t\t\t\t\t\t\t\t\t\t\t<\/div>\n\t\t\t\t<\/div>\n\t\t<div class=\"elementor-element elementor-element-7208a4d e-con-full e-flex content-parallax-no e-con e-child\" data-id=\"7208a4d\" data-element_type=\"container\" data-e-type=\"container\">\n\t\t\t\t<div class=\"elementor-element elementor-element-8bc4f07 elementor-widget elementor-widget-heading\" data-id=\"8bc4f07\" data-element_type=\"widget\" data-e-type=\"widget\" data-widget_type=\"heading.default\">\n\t\t\t\t\t<h2 class=\"elementor-heading-title elementor-size-default\">Neuwahlen am 16.03.2023 <\/h2>\t\t\t\t<\/div>\n\t\t\t\t<div class=\"elementor-element elementor-element-cb96e7f elementor-widget elementor-widget-text-editor\" data-id=\"cb96e7f\" data-element_type=\"widget\" data-e-type=\"widget\" data-widget_type=\"text-editor.default\">\n\t\t\t\t\t\t\t\t\t<p>Nach 6 Jahren standen die ersten Neuwahlen im Neuem Feuerwehrzentrum statt. Der zweite Kommandant Manfred Korzer stellte sich nicht mehr zur Wahl.&nbsp;<\/p><p>Mit 70 % Mehrheit wurde Harald No\u00df als 1. Kommandant wiedergew\u00e4hlt.<\/p><p>Mit fast 100 % wurde Tim Christ als 2. Kommandant gew\u00e4hlt.<\/p>\t\t\t\t\t\t\t\t<\/div>\n\t\t\t\t<\/div>\n\t\t\t\t<\/div>\n\t\t\t\t<\/div>\n\t\t\t\t\t<\/div>\n\t\t\t\t<\/div>\n\t\t\t\t<\/div>\n\t\t","protected":false},"excerpt":{"rendered":"<p>Bereits viele Male wurden diverse Anl\u00e4ufe unternommen, aus den unabh\u00e4ngig voneinander bestehenden Feuerwehren FF Hemhofen und FF Zeckern eine gemeinsame Wehr zu formen. Was aus diversesten Gr\u00fcnden einfach nicht funktionierte,..<\/p>\n","protected":false},"author":1,"featured_media":0,"parent":3581,"menu_order":0,"comment_status":"closed","ping_status":"closed","template":"","meta":{"footnotes":""},"class_list":["post-3608","page","type-page","status-publish","hentry"],"_links":{"self":[{"href":"https:\/\/ff-hemhofen-zeckern.de\/index.php?rest_route=\/wp\/v2\/pages\/3608","targetHints":{"allow":["GET"]}}],"collection":[{"href":"https:\/\/ff-hemhofen-zeckern.de\/index.php?rest_route=\/wp\/v2\/pages"}],"about":[{"href":"https:\/\/ff-hemhofen-zeckern.de\/index.php?rest_route=\/wp\/v2\/types\/page"}],"author":[{"embeddable":true,"href":"https:\/\/ff-hemhofen-zeckern.de\/index.php?rest_route=\/wp\/v2\/users\/1"}],"replies":[{"embeddable":true,"href":"https:\/\/ff-hemhofen-zeckern.de\/index.php?rest_route=%2Fwp%2Fv2%2Fcomments&post=3608"}],"version-history":[{"count":13,"href":"https:\/\/ff-hemhofen-zeckern.de\/index.php?rest_route=\/wp\/v2\/pages\/3608\/revisions"}],"predecessor-version":[{"id":97689,"href":"https:\/\/ff-hemhofen-zeckern.de\/index.php?rest_route=\/wp\/v2\/pages\/3608\/revisions\/97689"}],"up":[{"embeddable":true,"href":"https:\/\/ff-hemhofen-zeckern.de\/index.php?rest_route=\/wp\/v2\/pages\/3581"}],"wp:attachment":[{"href":"https:\/\/ff-hemhofen-zeckern.de\/index.php?rest_route=%2Fwp%2Fv2%2Fmedia&parent=3608"}],"curies":[{"name":"wp","href":"https:\/\/api.w.org\/{rel}","templated":true}]}}

<div data-elementor-type="wp-page" data-elementor-id="3608" class="elementor elementor-3608">
				<div class="elementor-element elementor-element-821adc3 e-flex e-con-boxed content-parallax-no e-con e-parent" data-id="821adc3" data-element_type="container" data-e-type="container">
					<div class="e-con-inner">
		<div class="elementor-element elementor-element-de572b9 e-con-full e-flex content-parallax-no e-con e-child" data-id="de572b9" data-element_type="container" data-e-type="container">
				<div class="elementor-element elementor-element-0a8f582 elementor-widget elementor-widget-text-editor" data-id="0a8f582" data-element_type="widget" data-e-type="widget" data-widget_type="text-editor.default">
									<p>Bereits viele Male wurden diverse Anläufe unternommen, aus den unabhängig voneinander bestehenden Feuerwehren FF Hemhofen und FF Zeckern eine gemeinsame Wehr zu formen.</p><p>Was aus diversesten Gründen einfach nicht funktionierte, wurde im Anfang  2017 formell auf dem Weg gebracht.</p><p>Mit Amtsantritt von Bürgermeister  Ludwig Nagel formulierte er sein Bestreben, die Zusammenlegung wieder zu forcieren und erneut anzugehen. Einerseits auf Grund finanzieller Engpässe, in der sich die Gemeinde seit Jahren befände, als auch aus rein einsatztechnischen Gründen (Mannschaftsstärke, Einsatzbereitschaft unter Tag usw.) wurde dieses Thema wieder auf die „Tagesordnung“  der Gemeinde gebracht. Die nicht mehr zeitgemäßen baulichen Zustände der beiden Feuerwehrhäuser untermauerten die Dringlichkeit der Thematik zusätzlich.</p><p>Der erste Schritt war Wiedermals ein „aufeinander Zugehen“ von Führungskräften, Gemeinderat und Bürgermeister. Die beiden Wehrleitungen (Kommandanten und Stellvertreter) strebten nun zum wiederholten Male eine Zusammenlegung an. Somit machte man sich auf die Suche nach einem geeigneten Standort für ein neues gemeinsames Feuerwehrzentrum.</p><p>Teilweise hitzige Diskussionen in den einzelnen Wehren folgten.  Viele Gespräche später erhielt der noch von Altbürgermeister Wersal ins Spiel gebrachte Standort „Am Zobelstein“ die Zustimmung der Wehren.</p><p>Nachdem vielleicht nicht alle, aber zumindest die Mehrheit der Mitglieder überzeugt war, dass dies der richtige Schritt und der richtige Standort wären, durchkreuzte wieder mal das gute Geld den lange gehegten Plan eines gemeinsamen Feuerwehrzentrums. Die von einem Architekturbüro ermittelten Baukosten stießen bei Gemeinderat und Bürgermeister, insbesondere auf Grund der finanziellen Lage der Gemeinde, auf wenig Gegenliebe.</p><p>Somit wurde weiter gesucht und der bereits im Gemeindeeigentum befindliche Standort „Bauhof“ ins Rennen gebracht. Das Grundstück am Ende des Gemeindegebietes (Ortsende Zeckern) stieß nun wiederum bei den Hemhöfener Kammeraden auf wenig Zustimmung. Weite Anfahrtswege, eine schlechte Straßenanbindung und natürlich auch die weiten Wege für die Vereinsmitglieder bei Feiern, sprachen gegen den Standort und erforderten viele Gespräche und viel Überzeugungsarbeit des Hemhöfener Kommandanten Benedikt Schneider und seines Stellvertreters Harald Noß. Planungen und Kostenschätzungen wurden erstellt und konkretisierten den neuen Standort weiter.</p><p>Nach vielen weiteren Gesprächsrunden zwischen den Beteiligten aus Wehrführung, Verwaltung, Vereinsführung, Gemeinderat usw., wurde sich für den Ausbau der teilweise schon bestehenden Hallen des Bauhofes, inklusive Anbau und Neubau eines neuen Feuerwehrzentrums in der Peter-Händel-Straße entschieden.</p><p>Die nun noch fehlende Entscheidung, WIE in das neue Feuerwehrhaus eingezogen werden sollte – als eine oder zwei Wehren – wurde nunmehr zu einem wiederkehrenden Diskussionsmarathon.</p><p>Letztlich wurde sich entschieden, als EINE aktive Wehr ins Feuerwehrhaus einziehen zu wollen. Der bereits Monate zuvor in einer gemeinsamen Gemeinderatssitzung unter Beteiligung aller Aktiver Mitglieder, der Vereinsführungen und der Wehrführungen neue Name „Freiwillige Feuerwehr Hemhofen/ Zeckern“ rückte wieder in den Fokus. Aus einer Diskussion über Namen wurde nunmehr eine reelle Möglichkeit „Geschichte“ zu schreiben.</p><p>Nur 2 Stunden vor der Jahreshauptversammlung der FF Hemhofen stimmte im Januar 2017 die große Mehrheit der aktiven Mitgliedern der Zusammenlegung beider Wehren zu EINER Aktiven Wehr formell zu. Die Zustimmung der FF Zeckern sollte nur wenige Tage später folgen.</p><p>Der Weg war nun formell frei die Zusammenlegung durch die Gemeinde ausführen zu lassen. In der darauf folgenden Gemeinderatssitzung wurden die bestehenden aktiven Wehren offiziell aufgelöst und die neue Freiwillige Feuerwehr Hemhofen/ Zeckern gegründet.</p><p>Bis zur Wahl einer neuen Führung, musste der aktive Dienst natürlich aufrecht erhalten werden. Hierfür stellten sich als Interimskommandanten die führungserfahrenen Herwig Korzer als 1. Kommandant und Siegfried Großkopf als sein Stellvertreter zur Verfügung.</p><p>Am 21.02.2017 fand die Wahl zur Führung der neuen, gemeinsamen Feuerwehr statt. Alle aktiven Mitglieder waren aufgerufen, sich mehrheitlich auf eine gemeinsame Führung zu „einigen“. Zum neuen 1. Kommandanten wurde Harald Noß gewählt, zu seinem Stellvertreter wurde Manfred Korzer ernannt. Sie bekamen von der Mehrheit das Vertrauen, die neue Wehr in den kommenden 6  Jahren zu führen und zu formen, was sicherlich auf Grund der Anzahl anstehender Aufgaben nicht einfach werden sollte.</p><p>Im Sommer 2017 folgte nun die Aufgabe, die zwei bestehenden Feuerwehrhäuser umzuziehen, nicht mehr benötigte oder nicht mehr zugelassene Technik und Inventar auszusortieren und die mitgenommene oder neu beschaffte Technik zu inventarisieren. Ein Kraftakt, der von vielen Helfern in unzähligen Stunden und Tagen freiwilliger Tätigkeit erfolgreich gemeistert wurde.</p><p>Mit der Schlüsselübergabe am 17.09.2017 wurde das neue Feuerwehrzentrum unter dem Beisein von Vertretern der Politik von Gemeinde, Landkreis, Regierung und Freistaat nun auch offiziell eingeweiht. Mit Stolz konnten die Mitglieder der Wehr bei der Fahrzeugweihe auch den nur wenige Monate vorher ausgelieferten neuen Versorgungs-LKW den Bürgern der Gemeinde und allen weiteren Interessierten präsentieren.</p>								</div>
				</div>
					</div>
				</div>
		<div class="elementor-element elementor-element-d2df956 e-flex e-con-boxed content-parallax-no e-con e-parent" data-id="d2df956" data-element_type="container" data-e-type="container">
					<div class="e-con-inner">
		<div class="elementor-element elementor-element-14d4154 e-con-full e-flex content-parallax-no e-con e-child" data-id="14d4154" data-element_type="container" data-e-type="container">
		<div class="elementor-element elementor-element-44c6e9a e-con-full e-flex content-parallax-no e-con e-child" data-id="44c6e9a" data-element_type="container" data-e-type="container">
		<div class="elementor-element elementor-element-ecd08b6 e-con-full e-flex content-parallax-no e-con e-child" data-id="ecd08b6" data-element_type="container" data-e-type="container">
				<div class="elementor-element elementor-element-a5c7726 elementor-widget__width-initial elementor-widget elementor-widget-image" data-id="a5c7726" data-element_type="widget" data-e-type="widget" data-widget_type="image.default">
															<img fetchpriority="high" decoding="async" width="192" height="300" src="https://ff-hemhofen-zeckern.de/wp-content/uploads/2023/03/IMG-20230316-WA0008-192x300.jpg" class="attachment-medium size-medium wp-image-10074" alt="" srcset="https://ff-hemhofen-zeckern.de/wp-content/uploads/2023/03/IMG-20230316-WA0008-192x300.jpg 192w, https://ff-hemhofen-zeckern.de/wp-content/uploads/2023/03/IMG-20230316-WA0008-600x937.jpg 600w, https://ff-hemhofen-zeckern.de/wp-content/uploads/2023/03/IMG-20230316-WA0008-656x1024.jpg 656w, https://ff-hemhofen-zeckern.de/wp-content/uploads/2023/03/IMG-20230316-WA0008-984x1536.jpg 984w, https://ff-hemhofen-zeckern.de/wp-content/uploads/2023/03/IMG-20230316-WA0008.jpg 1312w" sizes="(max-width: 192px) 100vw, 192px" />															</div>
				</div>
		<div class="elementor-element elementor-element-7208a4d e-con-full e-flex content-parallax-no e-con e-child" data-id="7208a4d" data-element_type="container" data-e-type="container">
				<div class="elementor-element elementor-element-8bc4f07 elementor-widget elementor-widget-heading" data-id="8bc4f07" data-element_type="widget" data-e-type="widget" data-widget_type="heading.default">
					<h2 class="elementor-heading-title elementor-size-default">Neuwahlen am 16.03.2023 </h2>				</div>
				<div class="elementor-element elementor-element-cb96e7f elementor-widget elementor-widget-text-editor" data-id="cb96e7f" data-element_type="widget" data-e-type="widget" data-widget_type="text-editor.default">
									<p>Nach 6 Jahren standen die ersten Neuwahlen im Neuem Feuerwehrzentrum statt. Der zweite Kommandant Manfred Korzer stellte sich nicht mehr zur Wahl.&nbsp;</p><p>Mit 70 % Mehrheit wurde Harald Noß als 1. Kommandant wiedergewählt.</p><p>Mit fast 100 % wurde Tim Christ als 2. Kommandant gewählt.</p>								</div>
				</div>
				</div>
				</div>
					</div>
				</div>
				</div>

<p>Bereits viele Male wurden diverse Anläufe unternommen, aus den unabhängig voneinander bestehenden Feuerwehren FF Hemhofen und FF Zeckern eine gemeinsame Wehr zu formen. Was aus diversesten Gründen einfach nicht funktionierte,..</p>
